 = m, -86 = -4*l + 4*m - 6*m. Let t = p + l. What is the units digit of t?
9
Suppose 3*o = -9, o + 12 = -3*z - 3*o. Suppose 50 = 2*j - z*j. Suppose -j + 5 = -2*s. What is the units digit of s?
0
Let g(j) = 2*j**2 + 1. Let c be g(-1). Suppose 27 + 27 = c*d. What is the units digit of (d/(-15))/(2/(-15))?
9
Let a(p) = 6*p**2 - 4*p + 1. What is the tens digit of a(2)?
1
What is the hundreds digit of 1/((-10)/(-128))*-15*-1?
1
Let i(q) = -q**3 + 11*q**2 - 13*q + 7. What is the tens digit of i(9)?
5
Let r(t) = -t + 13. Let h be r(9). Suppose f - 3*z - 2*z = -40, -h*f - 112 = 4*z. What is the units digit of ((-12)/f)/((-2)/(-20))?
4
Let v be ((-57)/4)/((-15)/40). Let i = v + -23. Let a = -8 + i. What is the units digit of a?
7
Suppose -4*b + 6*b = 18. What is the units digit of 7/(3/b*3)?
7
Let p(z) = -z**3 - 7*z**2 - 5*z + 4. What is the units digit of p(-8)?
8
Let w = -65 + 97. What is the units digit of w?
2
Suppose -5*l - 17 = -5*q + 8, -l - 1 = 0. Let u be 6/4 - (-6)/q. Let d = u - 0. What is the units digit of d?
3
What is the units digit of (-10)/(-2) + (3 - 6)?
2
Let i be (492/18)/((-4)/18). What is the units digit of (-6)/9 + i/(-9)?
3
Let k(c) = -35*c - 78. What is the tens digit of k(-10)?
7
Suppose -4*h + v = -2*h, -2*v = -3*h - 2. What is the units digit of h?
2
Let d(h) = 4*h**2 - h - 3. What is the tens digit of d(3)?
3
Let q(p) = 3*p**2 + 9*p - 16. What is the tens digit of q(-6)?
3
Let t(r) = -2*r**2 - 14*r - 2. What is the units digit of t(-6)?
0
Let t(d) = d + 4. Let a be t(3). Suppose -2*f - 42 = -c, 4*f + 41 + 3 = c. Suppose 2*j + c = a*j. What is the units digit of j?
8
Suppose 2*s + b = 49, 3*s - 4*b - 83 + 26 = 0. What is the tens digit of s?
2
Let u(l) = l**2 - 2*l - 5. What is the tens digit of u(-4)?
1
Suppose 2 = 3*k - 7. Suppose 4*h = k*h + 33. What is the units digit of h?
3
Suppose 12 = -2*f + f. Let u be f*(-3)/9*1. Suppose -2*v - u = -6. What is the units digit of v?
1
Let f = -25 + 27. Suppose f*r = 4*u - 194, 153 = 3*u - 4*r + r. What is the units digit of u?
6
Let d(b) be the first derivative of b**3/3 - b**2 + 3*b - 6. What is the units digit of d(3)?
6
Suppose 5*m + 4*v + 12 = 0, -5*v = -5*m - 0*v + 15. Let c = m - -3. Suppose c*n = 23 + 4. What is the units digit of n?
9
Suppose -2*f + 98 = 2*k - 5*k, 4*f + k = 224. What is the units digit of f?
5
Suppose -181 = -p - d, -p + 186 = 5*d + 17. What is the hundreds digit of p?
1
Let o(f) = -f**2 + 12*f - 5. Let a be ((-27)/15)/((-1)/5). Let u be o(a). Suppose -4*v + 26 + u = 4*b, 2*b + 5*v - 21 = 0. What is the units digit of b?
3
Suppose -3*t - 7 - 5 = 0, 5*o - 114 = t. Let z = o - 18. What is the units digit of z?
4
Let j(c) = c + 1. Let x(r) = -3*r - 14. Let s(q) = -2*j(q) - x(q). Suppose -d = 4*d + 35. What is the units digit of s(d)?
5
What is the units digit of (2 - (-4)/(16/(-12))) + 21?
0
Suppose -8*g - 1182 = -14*g. What is the tens digit of g?
9
Let i be (-8)/(-6) - (-4)/6. Suppose 0 = i*s - 14 + 2. Let q(w) = -w**3 + 5*w**2 + 7*w - 5. What is the units digit of q(s)?
1
Suppose 2*p - 4*c + 212 = 4*p, -4*p + 394 = 2*c. What is the units digit of p?
6
Suppose -2*p - 3*t = -4*p - 6, 23 = p + 5*t. What is the units digit of p?
3
Let a be 4/4 + -6 + 2. What is the units digit of 0/a + 1 - -2?
3
Suppose -3*i + 0*o + 119 = o, -5 = 5*o. What is the tens digit of i?
4
Let m be ((1 + -1)/(-1))/1. Let q be (-6)/((-50)/48 - 2/(-3)). Suppose -2*u + q = -m*u. What is the units digit of u?
8
Let a be (5 + -1)*1/2. Let k(x) = 2*x**2 - 4*x + 2. Let o be k(a). Suppose 3*g = o*c + 23, 3*g + c - 31 = 5*c. What is the units digit of g?
5
What is the units digit of ((-1528)/6)/(-4) - (-8)/24?
4
Let m(a) = a**2 + 9*a + 30. What is the units digit of m(-12)?
6
Let u be 9/21 + (-108)/(-42). Suppose u*y = 2*y + 24. What is the units digit of y?
4
Let r(c) = -5*c - 9. Let x be r(-9). Suppose q = 5*q + 3*y - 4, x = 4*q - 5*y. Suppose 5*v + q*k + 1 = 2, -k = v. What is the units digit of v?
1
Let n = -8 + -32. Let s = n + 78. Suppose -s = -2*b - 10. What is the units digit of b?
4
Suppose 0 = -2*i - 40 + 302. What is the hundreds digit of i?
1
Suppose -3*o + 2*y = -35, -54 = -5*o - 2*y - 1. What is the tens digit of o?
1
Let f(r) = 6*r**3 - 5*r**2 + 5*r - 1. What is the tens digit of f(2)?
3
Let s = 13 - 8. Suppose -u + 0 = 5*k - 33, 4*k - 30 = u. Suppose s*p = 2*p + q + k, 5*p = 4*q + 14. What is the units digit of p?
2
Let q(g) = -g**3 + 7*g**2 + 2*g - 9. Let k be q(7). Let n = 7 - k. Suppose 5*a - 30 = -5*y, -2*a + n = 3*y - 21. What is the units digit of y?
1
Let r be -1 + 2/(-2) + 1. Let v be r + 1 + 2*-3. Let a(i) = i**2 + 5*i + 4. What is the tens digit of a(v)?
1
Let w(i) = -i**2 - i - 7 + 0*i + 5*i + 5*i. What is the tens digit of w(6)?
1
Suppose 0 = 4*j - 0*j - 12. Suppose -4*z = -2*i, 2*i + j = -2*z + 9. What is the units digit of z?
1
Let x(k) = 15*k + 10. What is the units digit of x(3)?
5
Suppose h - 3*h - 4*f + 60 = 0, 4*h + 2*f = 120. Suppose -h = -7*i + 2*i - m, 5*m = 0. Let v(y) = y**2 - 5*y + 2. What is the units digit of v(i)?
8
Let n = 8 + -14. Suppose -4*u - 2*l - 111 = -3*l, 4*u = -3*l - 99. What is the units digit of 2/3*u/n?
3
Let q(g) = g**3 - 3*g**2 - 3*g + 3. Let h be q(4). Suppose h*k - 2*k = 55. What is the tens digit of k?
1
What is the tens digit of ((-27)/18)/(1/(-20))?
3
Let a = 1 + 0. Let j = 0 - a. Let s(q) = 8*q**2 - q - 1. What is the units digit of s(j)?
8
Suppose -22*r = -24*r + 356. What is the tens digit of r?
7
Let w(k) be the first derivative of k**2/2 + 22*k - 2. What is the tens digit of w(-12)?
1
Let r be (0 - 20/16)*-8. Let v = 25 - r. What is the units digit of v?
5
Let f(n) = -6*n**2 - 14*n - 17. Let m(y) = -5*y**2 - 13*y - 16. Suppose -20 - 1 = 3*z. Let c(g) = z*m(g) + 6*f(g). What is the units digit of c(7)?
0
Let o = 129 - 84. What is the units digit of o?
5
Let h be 46 + 1/(2/6). Let v = h + -26. What is the units digit of v?
3
What is the tens digit of 1/(4/124*1)?
3
Suppose c = -5*z + 980 - 157, -2*z - 5*c = -320. What is the hundreds digit of z?
1
Suppose 0 = -3*l - 20 - 34. Let x = l + 12. Let n(u) = -u**3 - 6*u**2 - 2*u + 6. What is the units digit of n(x)?
8
Let m be -5*((-8)/20 - 0). Let a = -29 + 58. Suppose -c - 4*c = 2*q - a, -m*c = 3*q - 38. What is the tens digit of q?
1
Suppose 2*q = q. Let r be q/(-2 + -1) - 2. What is the units digit of 6 + 2 - (1 + r)?
9
Let o(b) = -b - 9. Let z be o(-9). Suppose 0 = r - z*r - 1. What is the units digit of r?
1
Let k(b) = -31*b. What is the units digit of k(-1)?
1
Let t = -6 - -54. What is the tens digit of t?
4
Let s(k) = k**3 - 4*k**2 + 3*k + 3. Let c be s(3). Suppose c*j - 14 = -5. What is the units digit of j?
3
Let h = 60 + -24. What is the units digit of ((-1)/(-3))/(3/h)?
4
Suppose j + 10 = -5*t - 4*j, 2*t + 4*j = -10. Let f be 1 - (t - 2) - -44. What is the tens digit of (-3)/9 + f/3?
1
Suppose -4*j + 196 = 3*j. What is the units digit of j?
8
Let r = -8 + 11. Let l(i) = 4*i - 1 - 51*i**3 - 1 + 52*i**3 - 4*i**2. What is the units digit of l(r)?
1
Let m = -4 + 3. Let l = m - -5. Let z = 12 + l. What is the tens digit of z?
1
Suppose 0 = 5*m - 10, -169 = -3*c + 5*m + 19. What is the units digit of c?
6
Let z(w) be the first derivative of 2*w**3 - w**2 - 3*w + 4. What is the tens digit of z(-2)?
2
Let d = -18 + 22. What is the units digit of 45 - (-3 + d + 0)?
4
Suppose 4*u + u + 2 = -4*g, -5*u = -4*g + 18. Let s = 0 - u. Suppose 0 = s*d - d - 7. What is the units digit of d?
7
Suppose 13 = 5*s + 2*d, -3*s + 4*d + 19 = 2*s. Suppose -2*f = 5*y - 76, -f - 50 = -s*y - 0*y. What is the tens digit of y?
1
Let k = 7 - 1. Let q(o) be the second derivative of -o**5/20 + o**4/2 + o**2/2 + o. What is the units digit of q(k)?
1
Let w(u) = u**2 + 4*u - 11. Let n be w(-8). Let s = n - 6. What is the units digit of s?
5
Let f be (10/(-6) + 1)*-3. Let i be (-34)/(-10) - f/5. Suppose 4*m + i - 15 = 0. What is the units digit of m?
3
Let f(q) = -3*q - 1. Let s(g) = -2*g + 1. Let k be s(1). Let w be f(k). Suppose 0 + w = j. What is the units digit of j?
2
Let b(w) = 2*w**3 + 4*w**2 + 3*w. Let r be b(-2). Let u = 14 + r. Let s(q) = -q**2 + 10*q - 6. What is the units digit of s(u)?
0
Let w(j) = -j**3 - 10*j**2 + 7*j - 6. Let y(q) = -q**3 - 11*q**2 + 7*q - 6. Let k(s) = 4*w(s) - 3*y(s). Let 